Calculate the remainder when 960 is divided by 176.
80
What is the remainder when 611 is divided by 14?
9
What is the remainder when 1734 is divided by 56?
54
Calculate the remainder when 6394 is divided by 39.
37
What is the remainder when 1350 is divided by 223?
12
Calculate the remainder when 477 is divided by 40.
37
What is the remainder when 697 is divided by 174?
1
Calculate the remainder when 153 is divided by 85.
68
What is the remainder when 62 is divided by 17?
11
What is the remainder when 283 is divided by 29?
22
What is the remainder when 84 is divided by 29?
26
Calculate the remainder when 314 is divided by 7.
6
Calculate the remainder when 23 is divided by 5.
3
What is the remainder when 324 is divided by 47?
42
Calculate the remainder when 57 is divided by 28.
1
Calculate the remainder when 134 is divided by 39.
17
Calculate the remainder when 359 is divided by 12.
11
Calculate the remainder when 125 is divided by 46.
33
What is the remainder when 2922 is divided by 12?
6
What is the remainder when 810 is divided by 170?
130
What is the remainder when 1209 is divided by 11?
10
What is the remainder when 343 is divided by 32?
23
Calculate the remainder when 4030 is divided by 32.
30
Calculate the remainder when 4292 is divided by 56.
36
Calculate the remainder when 14962 is divided by 14.
10
Calculate the remainder when 99 is divided by 61.
38
What is the remainder when 174 is divided by 69?
36
Calculate the remainder when 17804 is divided by 16.
12
Calculate the remainder when 96 is divided by 13.
5
Calculate the remainder when 294 is divided by 59.
58
Calculate the remainder when 378 is divided by 26.
14
Calculate the remainder when 129 is divided by 12.
9
What is the remainder when 689 is divided by 151?
85
What is the remainder when 308 is divided by 21?
14
Calculate the remainder when 523 is divided by 66.
61
Calculate the remainder when 479 is divided by 62.
45
What is the remainder when 319 is divided by 32?
31
Calculate the remainder when 1298 is divided by 52.
50
Calculate the remainder when 383 is divided by 97.
92
Calculate the remainder when 394 is divided by 52.
30
Calculate the remainder when 124 is divided by 38.
10
Calculate the remainder when 225 is divided by 36.
9
What is the remainder when 2648 is divided by 68?
64
What is the remainder when 597 is divided by 23?
22
Calculate the remainder when 1284 is divided by 56.
52
What is the remainder when 192 is divided by 15?
12
Calculate the remainder when 1554 is divided by 92.
82
Calculate the remainder when 4778 is divided by 46.
40
Calculate the remainder when 337 is divided by 38.
33
What is the remainder when 219 is divided by 13?
11
What is the remainder when 296 is divided by 107?
82
Calculate the remainder when 94 is divided by 51.
43
Calculate the remainder when 2124 is divided by 142.
136
Calculate the remainder when 622 is divided by 106.
92
Calculate the remainder when 272 is divided by 92.
88
What is the remainder when 2878 is divided by 36?
34
What is the remainder when 550 is divided by 171?
37
What is the remainder when 606 is divided by 17?
11
Calculate the remainder when 271 is divided by 95.
81
What is the remainder when 1194 is divided by 7?
4
Calculate the remainder when 114 is divided by 29.
27
What is the remainder when 251 is divided by 36?
35
Calculate the remainder when 340 is divided by 46.
18
What is the remainder when 1946 is divided by 39?
35
What is the remainder when 656 is divided by 58?
18
Calculate the remainder when 402 is divided by 31.
30
What is the remainder when 814 is divided by 207?
193
What is the remainder when 58 is divided by 31?
27
Calculate the remainder when 1622 is divided by 116.
114
What is the remainder when 383 is divided by 96?
95
Calculate the remainder when 56 is divided by 2.
0
What is the remainder when 115 is divided by 29?
28
Calculate the remainder when 124 is divided by 34.
22
Calculate the remainder when 212 is divided by 6.
2
Calculate the remainder when 1178 is divided by 74.
68
What is the remainder when 1982 is divided by 2?
0
Calculate the remainder when 66 is divided by 18.
12
What is the remainder when 1048 is divided by 148?
12
Calculate the remainder when 130 is divided by 6.
4
Calculate the remainder when 58773 is divided by 474.
471
What is the remainder when 1799 is divided by 8?
7
What is the remainder when 305 is divided by 66?
41
Calculate the remainder when 624 is divided by 17.
12
What is the remainder when 159 is divided by 58?
43
Calculate the remainder when 195 is divided by 49.
48
Calculate the remainder when 184 is divided by 85.
14
What is the remainder when 42 is divided by 36?
6
What is the remainder when 76 is divided by 32?
12
What is the remainder when 153 is divided by 29?
8
What is the remainder when 686 is divided by 99?
92
What is the remainder when 988 is divided by 10?
8
What is the remainder when 2825 is divided by 86?
73
What is the remainder when 140 is divided by 11?
8
What is the remainder when 483 is divided by 27?
24
What is the remainder when 185 is divided by 89?
7
What is the remainder when 2176 is divided by 271?
8
What is the remainder when 2141 is divided by 215?
206
What is the remainder when 1168 is divided by 15?
13
What is the remainder when 4460 is divided by 203?
197
Calculate the remainder when 610 is divided by 69.
58
Calculate the remainder when 3181 is divided by 289.
2
Calculate the remainder when 60 is divided by 26.
8
Calculate the remainder when 4383 is divided by 8.
7
What is the remainder when 181 is divided by 8?
5
What is the remainder when 992 is divided by 926?
66
What is the remainder when 202 is divided by 42?
34
Calculate the remainder when 1888 is divided by 10.
8
What is the remainder when 421 is divided by 139?
4
Calculate the remainder when 1723 is divided by 75.
73
What is the remainder when 299 is divided by 26?
13
Calculate the remainder when 5760 is divided by 43.
41
Calculate the remainder when 199 is divided by 36.
19
What is the remainder when 164 is divided by 2?
0
Calculate the remainder when 859 is divided by 94.
13
What is the remainder when 225 is divided by 11?
5
What is the remainder when 642 is divided by 249?
144
Calculate the remainder when 176 is divided by 91.
85
What is the remainder when 595 is divided by 46?
43
Calculate the remainder when 914 is divided by 227.
6
What is the remainder when 448 is divided by 10?
8
What is the remainder when 1774 is divided by 111?
109
Calculate the remainder when 107 is divided by 16.
11
What is the remainder when 629 is divided by 92?
77
What is the remainder when 316 is divided by 107?
102
Calculate the remainder when 633 is divided by 71.
65
Calculate the remainder when 95 is divided by 20.
15
What is the remainder when 339 is divided by 7?
3
What is the remainder when 285 is divided by 208?
77
Calculate the remainder when 293 is divided by 6.
5
Calculate the remainder when 505 is divided by 11.
10
What is the remainder when 309 is divided by 35?
29
Calculate the remainder when 897 is divided by 75.
72
What is the remainder when 3888 is divided by 176?
16
Calculate the remainder when 2312 is divided by 2289.
23
Calculate the remainder when 257 is divided by 50.
7
Calculate the remainder when 4667 is divided by 156.
143
What is the remainder when 2892 is divided by 124?
40
Calculate the remainder when 286 is divided by 16.
14
What is the remainder when 1011 is divided by 23?
22
Calculate the remainder when 33 is divided by 27.
6
Calculate the remainder when 589 is divided by 119.
113
What is the remainder when 428 is divided by 36?
32
What is the remainder when 165 is divided by 76?
13
Calculate the remainder when 186 is divided by 21.
18
What is the remainder when 371 is divided by 199?
172
What is the remainder when 1680 is divided by 99?
96
Calculate the remainder when 839 is divided by 71.
58
Calculate the remainder when 2158 is divided by 21.
16
Calculate the remainder when 100 is divided by 91.
9
What is the remainder when 196 is divided by 11?
9
What is the remainder when 228 is divided by 67?
27
Calculate the remainder when 2449 is divided by 96.
49
What is the remainder when 891 is divided by 83?
61
Calculate the remainder when 2600 is divided by 42.
38
What